{"id":33,"date":"2025-12-14T18:12:47","date_gmt":"2025-12-14T17:12:47","guid":{"rendered":"https:\/\/www.sdruzeneordinace.cz\/?page_id=33"},"modified":"2026-02-09T13:29:20","modified_gmt":"2026-02-09T12:29:20","slug":"komin","status":"publish","type":"page","link":"https:\/\/www.sdruzeneordinace.cz\/?page_id=33","title":{"rendered":"Kom\u00edn"},"content":{"rendered":"<div id=\"wrapper\">\n<div id=\"allOver\">\n<div id=\"mainDiv\">\n<div id=\"mainDiv-in\">\n<h3><\/h3>\n<h3>Ordinace Brno &#8211; Kom\u00edn<img fetchpriority=\"high\" decoding=\"async\" class=\"alignright\" src=\"http:\/\/localhost\/sdruzeneordinace.cz\/wp-content\/themes\/astra\/inc\/assets\/images\/starter-content\/dite-medved.png\" alt=\"\" width=\"298\" height=\"220\" \/><\/h3>\n<h5 class=\"doktor\"><span class=\"jmeno\">l\u00e9ka\u0159i:<\/span><\/h5>\n<h5 class=\"doktor\"><span class=\"jmeno\"><br \/>\n<\/span><span class=\"jmeno\">MUDr. Hana Koukalov\u00e1<br \/>\n<\/span><span class=\"jmeno\">MUDr. Dominika Domansk\u00e1<\/span><span class=\"telefony\"><strong><br \/>\n<\/strong><\/span><\/h5>\n<h5>MUDr. Kate\u0159ina Wojnarov\u00e1<\/h5>\n<p>&nbsp;<\/p>\n<h5 class=\"doktor\"><span class=\"sestra\">zdravotn\u00ed sestra: Aneta Bradov\u00e1<\/span><\/h5>\n<\/div>\n<h4><\/h4>\n<h4 class=\"doktor\"><span class=\"telefony\">mob.:\u00a0<strong>739 131 824<\/strong><\/span><\/h4>\n<div id=\"mainDiv-in\">\n<h3><\/h3>\n<h6>Nast\u0159elen\u00ed n\u00e1u\u0161nic prov\u00e1d\u00ed Sdru\u017een\u00e9 ordinace Slatina s.r.o. a D\u011btsk\u00fd doktor s.r.o.<\/h6>\n<p>&nbsp;<\/p>\n<p><b><span style=\"color: green;\">Upozorn\u011bn\u00ed<\/span><\/b><\/p>\n<p>V\u00e1\u017een\u00ed rodi\u010de, dovolujeme si V\u00e1s informovat, \u017ee od 1.12.2025 bude v \u00fater\u00fd do\u010dasn\u011b upravena ordina\u010dn\u00ed doba.<\/p>\n<p>Ordinace bude otev\u0159ena pouze v \u010dase 7:00\u201313:00 hod., odpoledn\u00ed provoz nebude prob\u00edhat.<\/p>\n<p><em>D\u011bkujeme za pochopen\u00ed.<\/em><\/p>\n<\/div>\n<p><b><span style=\"color: green;\">Upozorn\u011bn\u00ed<\/span><\/b><\/p>\n<div id=\"mainDiv-in\">\n<p>Ve st\u0159edy je v ordinaci pouze zdravotn\u00ed sestra do 12 hodin.<\/p>\n<p>K akutn\u00edmu o\u0161et\u0159en\u00ed je mo\u017en\u00e9 vyu\u017e\u00edt z\u00e1stup v ordinaci D\u011btsk\u00fd doktor s.r.o, \u00dadoln\u00ed 18, Brno, <strong>telefon 604 354 741<\/strong><\/p>\n<p>Pouze akutn\u00ed stavy a po p\u0159edchoz\u00edm telefonick\u00e9m objedn\u00e1n\u00ed.<\/p>\n<p><em>D\u011bkujeme za pochopen\u00ed.<\/em><\/p>\n<p><strong><i>Do odvol\u00e1n\u00ed p\u0159ij\u00edm\u00e1me pacienty pouze po p\u0159edchoz\u00edm telefonick\u00e9m objedn\u00e1n\u00ed!<\/i><\/strong><\/p>\n<\/div>\n<h3><\/h3>\n<div id=\"ordinacni-hodiny\">\n<h3><\/h3>\n<h3>Ordina\u010dn\u00ed hodiny Brno &#8211; Kom\u00edn<\/h3>\n<table class=\"bordered\" style=\"height: 224px;\" width=\"708\">\n<tbody>\n<tr>\n<td>PO<\/td>\n<td>07:00 &#8211; 13:00<\/td>\n<\/tr>\n<tr>\n<td>\u00daT<\/td>\n<td>11:00 &#8211; 18:00<\/td>\n<\/tr>\n<tr>\n<td>ST<\/td>\n<td>07:00 &#8211; 13:00<\/td>\n<\/tr>\n<tr>\n<td>\u010cT<\/td>\n<td>07:00 &#8211; 13:00<\/td>\n<\/tr>\n<tr>\n<td>P\u00c1<\/td>\n<td>07:00 &#8211; 12:00<\/td>\n<\/tr>\n<\/tbody>\n<\/table>\n<\/div>\n<h3>Poji\u0161\u0165ovny, se kter\u00fdmi spolupracujeme:<\/h3>\n<p class=\"color-p\"><strong>VZP \u010cR; VZP a.s.; MV \u010cR; OZP; VoZP; RB ZP; \u010cP ZP<\/strong><br \/>\nCeny slu\u017eeb, kter\u00e9 nehrad\u00ed poji\u0161\u0165ovny, najdete v\u00a0<a title=\"cen\u00edk nadstandartn\u00edch slu\u017eeb\" href=\"http:\/\/sdruzeneordinace.cz\/ke-stazeni\/cenik.pdf\">cen\u00edku nadstandartn\u00edch slu\u017eeb<\/a>.<\/p>\n<h3>P\u0159ij\u00edm\u00e1me do p\u00e9\u010de nov\u00e9 pacienty<\/h3>\n<p class=\"color-p\">Pro p\u0159ihl\u00e1\u0161en\u00ed d\u011bt\u00ed do na\u0161\u00ed p\u00e9\u010de pros\u00edm vyu\u017eijte n\u00e1sleduj\u00edc\u00edch kontakt\u016f:<\/p>\n<\/div>\n<\/div>\n<p><span class=\"nadpis\" style=\"font-size: 16px;\"><strong>KONTAKTY:<\/strong><\/span><span style=\"font-size: 16px;\"><br \/>\n<\/span><span style=\"font-size: 16px;\">mob.: 739 131 824<br \/>\n<\/span><span style=\"font-size: 16px;\">email:\u00a0<\/span><a style=\"font-size: 16px; background-color: #ffffff;\" href=\"mailto:komin@sdruzeneordinace.cz\">komin@sdruzeneordinace.cz<\/a><br \/>\n<span style=\"font-size: 16px;\">Absolonova 719\/30, <\/span><span style=\"font-size: 16px;\">624 00 Brno &#8211; Kom\u00edn<\/span><\/p>\n<\/div>\n<div id=\"divBottom\">\n<div id=\"divBottom-in\">\n<div class=\"adresa\">\n<p><strong>Sdru\u017een\u00e9 ordinace Kom\u00edn s.r.o.<\/strong><br \/>\nI\u010c: 04268032<br \/>\ns\u00eddlo: Dr. Stojana 307, 765 02 Otrokovice<\/p>\n<\/div>\n<div class=\"mapa\"><iframe src=\"https:\/\/www.google.com\/maps\/embed?pb=!1m18!1m12!1m3!1d2605.924744498817!2d16.55471481602634!3d49.22095428306283!2m3!1f0!2f0!3f0!3m2!1i1024!2i768!4f13.1!3m3!1m2!1s0x471296bb39e34823%3A0xd968075f2efaae17!2sAbsolonova+719%2F30%2C+624+00+Brno-Brno-Kom%C3%ADn!5e0!3m2!1scs!2scz!4v1444900940064\" width=\"420\" height=\"200\" data-mce-fragment=\"1\"><\/iframe><\/div>\n<\/div>\n<\/div>\n","protected":false},"excerpt":{"rendered":"<p>Ordinace Brno &#8211; Kom\u00edn l\u00e9ka\u0159i: MUDr. Hana Koukalov\u00e1 MUDr. Dominika Domansk\u00e1 MUDr. Kate\u0159ina Wojnarov\u00e1 &nbsp; zdravotn\u00ed sestra: Aneta Bradov\u00e1 mob.:\u00a0739 [&hellip;]<\/p>\n","protected":false},"author":1,"featured_media":0,"parent":0,"menu_order":0,"comment_status":"closed","ping_status":"closed","template":"","meta":{"site-sidebar-layout":"default","site-content-layout":"","ast-site-content-layout":"default","site-content-style":"default","site-sidebar-style":"default","ast-global-header-display":"","ast-banner-title-visibility":"","ast-main-header-display":"","ast-hfb-above-header-display":"","ast-hfb-below-header-display":"","ast-hfb-mobile-header-display":"","site-post-title":"disabled","ast-breadcrumbs-content":"","ast-featured-img":"","footer-sml-layout":"","ast-disable-related-posts":"","theme-transparent-header-meta":"default","adv-header-id-meta":"","stick-header-meta":"","header-above-stick-meta":"","header-main-stick-meta":"","header-below-stick-meta":"","astra-migrate-meta-layouts":"set","ast-page-background-enabled":"default","ast-page-background-meta":{"desktop":{"background-color":"var(--ast-global-color-5)","background-image":"","background-repeat":"repeat","background-position":"center center","background-size":"auto","background-attachment":"scroll","background-type":"","background-media":"","overlay-type":"","overlay-color":"","overlay-opacity":"","overlay-gradient":""},"tablet":{"background-color":"","background-image":"","background-repeat":"repeat","background-position":"center center","background-size":"auto","background-attachment":"scroll","background-type":"","background-media":"","overlay-type":"","overlay-color":"","overlay-opacity":"","overlay-gradient":""},"mobile":{"background-color":"","background-image":"","background-repeat":"repeat","background-position":"center center","background-size":"auto","background-attachment":"scroll","background-type":"","background-media":"","overlay-type":"","overlay-color":"","overlay-opacity":"","overlay-gradient":""}},"ast-content-background-meta":{"desktop":{"background-color":"var(--ast-global-color-4)","background-image":"","background-repeat":"repeat","background-position":"center center","background-size":"auto","background-attachment":"scroll","background-type":"","background-media":"","overlay-type":"","overlay-color":"","overlay-opacity":"","overlay-gradient":""},"tablet":{"background-color":"var(--ast-global-color-4)","background-image":"","background-repeat":"repeat","background-position":"center center","background-size":"auto","background-attachment":"scroll","background-type":"","background-media":"","overlay-type":"","overlay-color":"","overlay-opacity":"","overlay-gradient":""},"mobile":{"background-color":"var(--ast-global-color-4)","background-image":"","background-repeat":"repeat","background-position":"center center","background-size":"auto","background-attachment":"scroll","background-type":"","background-media":"","overlay-type":"","overlay-color":"","overlay-opacity":"","overlay-gradient":""}},"footnotes":""},"class_list":["post-33","page","type-page","status-publish","hentry"],"jetpack_sharing_enabled":true,"_links":{"self":[{"href":"https:\/\/www.sdruzeneordinace.cz\/index.php?rest_route=\/wp\/v2\/pages\/33","targetHints":{"allow":["GET"]}}],"collection":[{"href":"https:\/\/www.sdruzeneordinace.cz\/index.php?rest_route=\/wp\/v2\/pages"}],"about":[{"href":"https:\/\/www.sdruzeneordinace.cz\/index.php?rest_route=\/wp\/v2\/types\/page"}],"author":[{"embeddable":true,"href":"https:\/\/www.sdruzeneordinace.cz\/index.php?rest_route=\/wp\/v2\/users\/1"}],"replies":[{"embeddable":true,"href":"https:\/\/www.sdruzeneordinace.cz\/index.php?rest_route=%2Fwp%2Fv2%2Fcomments&post=33"}],"version-history":[{"count":14,"href":"https:\/\/www.sdruzeneordinace.cz\/index.php?rest_route=\/wp\/v2\/pages\/33\/revisions"}],"predecessor-version":[{"id":204,"href":"https:\/\/www.sdruzeneordinace.cz\/index.php?rest_route=\/wp\/v2\/pages\/33\/revisions\/204"}],"wp:attachment":[{"href":"https:\/\/www.sdruzeneordinace.cz\/index.php?rest_route=%2Fwp%2Fv2%2Fmedia&parent=33"}],"curies":[{"name":"wp","href":"https:\/\/api.w.org\/{rel}","templated":true}]}}